r of 9666 and 49651020?
3222
What is the highest common factor of 85 and 119216155?
85
What is the greatest common divisor of 29501 and 1?
1
Calculate the greatest common factor of 77419962 and 523746.
8586
What is the greatest common factor of 52528576 and 64?
64
What is the greatest common divisor of 40952247 and 840?
21
What is the greatest common factor of 28 and 8956703?
7
Calculate the highest common factor of 48 and 54450672.
48
Calculate the greatest common divisor of 48616550 and 3966.
1322
Calculate the greatest common factor of 23595 and 10245.
15
Calculate the greatest common divisor of 35046308 and 1804.
1804
Calculate the highest common divisor of 2095195 and 1261055.
895
What is the greatest common factor of 1606848 and 158016?
192
Calculate the greatest common divisor of 2010 and 2139846.
402
Calculate the highest common divisor of 662044626 and 888.
222
What is the highest common divisor of 14730658 and 60526?
1142
Calculate the highest common factor of 37816 and 522.
58
Calculate the greatest common factor of 15519134 and 3342.
1114
Calculate the greatest common divisor of 525991 and 16011.
593
Calculate the highest common factor of 886180 and 5570.
10
Calculate the highest common factor of 587729 and 527.
31
Calculate the greatest common factor of 488004286 and 1934.
1934
What is the greatest common factor of 4017714 and 99078?
2022
What is the greatest common divisor of 807024 and 7544?
184
Calculate the greatest common divisor of 176 and 57578356.
44
What is the highest common divisor of 2956296 and 189?
21
What is the highest common factor of 1144 and 12847848?
104
Calculate the greatest common factor of 48994 and 34666060.
374
Calculate the highest common divisor of 33 and 163990695.
33
Calculate the greatest common factor of 9555 and 29141112.
273
What is the highest common factor of 20 and 201130?
10
Calculate the greatest common divisor of 1150 and 23336050.
50
What is the highest common factor of 17575 and 4104?
19
Calculate the highest common divisor of 2382422 and 98.
14
What is the highest common divisor of 1093765376 and 66?
22
What is the highest common factor of 4364309 and 166559?
193
Calculate the greatest common divisor of 558 and 608670585.
279
What is the greatest common factor of 1362 and 109794?
6
Calculate the greatest common factor of 32390 and 216410546.
6478
What is the greatest common divisor of 2564672 and 374?
22
Calculate the highest common factor of 2116 and 697202956.
2116
Calculate the greatest common factor of 91011264 and 864.
96
What is the highest common divisor of 9345352 and 440?
8
Calculate the highest common factor of 15519 and 11886.
21
What is the greatest common divisor of 2018550 and 2850?
150
What is the highest common divisor of 154479908 and 1419?
473
What is the highest common divisor of 80328 and 421896?
24
What is the highest common divisor of 62833155 and 3795?
165
Calculate the highest common divisor of 3040 and 3278560.
160
What is the highest common factor of 22975 and 151074410?
4595
What is the highest common divisor of 112 and 181022198?
14
What is the highest common divisor of 8206950 and 1150?
50
What is the greatest common divisor of 3700 and 555925?
925
Calculate the highest common factor of 761841 and 198.
9
What is the highest common divisor of 21222 and 1673001?
3537
What is the greatest common divisor of 2781598 and 118961?
337
Calculate the highest common divisor of 54064070 and 40.
10
Calculate the highest common factor of 20953 and 2016043.
911
What is the highest common factor of 4252 and 244454921?
1063
Calculate the highest common factor of 95760 and 16396506.
2394
What is the greatest common divisor of 5912362 and 689?
53
Calculate the highest common factor of 2232 and 2203821.
279
What is the greatest common factor of 194818 and 34036?
254
Calculate the greatest common divisor of 538938 and 4932.
18
Calculate the highest common divisor of 1366126 and 404.
202
Calculate the highest common divisor of 518 and 224377006.
14
Calculate the highest common divisor of 3899397 and 23529.
2139
Calculate the greatest common divisor of 70766 and 177778.
1726
Calculate the highest common divisor of 4399298 and 152.
38
What is the greatest common factor of 27340905 and 15617?
2231
What is the greatest common factor of 34 and 5465347?
17
Calculate the highest common factor of 2402 and 7420979.
1201
Calculate the highest common factor of 63128205 and 70.
35
Calculate the highest common factor of 478834595 and 159.
53
Calculate the greatest common factor of 58713580 and 272.
68
What is the highest common factor of 2792 and 741016?
8
Calculate the greatest common divisor of 181892 and 345349.
1229
What is the highest common factor of 16 and 211955824?
16
What is the highest common divisor of 354902 and 142970?
1682
What is the greatest common divisor of 1699674 and 761099?
3413
What is the greatest common factor of 35002 and 179654?
86
What is the greatest common factor of 2546975008 and 4768?
4768
Calculate the highest common divisor of 65869 and 38407.
199
Calculate the highest common factor of 595107 and 144491.
2449
Calculate the highest common factor of 10648674 and 239022.
4878
What is the greatest common factor of 4421872 and 5824?
1456
Calculate the greatest common divisor of 65646270 and 20.
10
Calculate the highest common factor of 64863 and 222054877.
7207
Calculate the highest common factor of 1742072 and 32996.
292
Calculate the highest common divisor of 18841 and 517920.
83
Calculate the highest common factor of 28 and 1949374.
14
What is the greatest common divisor of 1191428 and 22134?
238
Calculate the highest common divisor of 734381994 and 370.
74
Calculate the highest common factor of 119 and 5989151.
119
Calculate the greatest common factor of 269190 and 65880.
270
Calculate the highest common divisor of 3450 and 81984765.
345
Calculate the highest common divisor of 7344555 and 141685.
3295
What is the greatest common divisor of 25704432 and 13248?
3312
Calculate the highest common divisor of 4340096 and 1271.
41
What is the greatest common factor of 183120903 and 63?
63
What is the greatest common factor of 71360 and 3627318?
446
What is the highest common divisor of 104940 and 150345?
45
What is the highest common divisor of 215 and 62719585?
215
Calculate the greatest common factor of 1040230176 and 3117.
3117
What is the greatest common factor of 3 and 17597172?
3
What is the greatest common factor of 3087 and 30211538?
49
Calculate the greatest common factor of 683325 and 4075.
25
What is the highest common factor of 855 and 2845755?
45
What is the greatest common factor of 17 and 28385971?
17
Calculate the highest common divisor of 2407442 and 3811.
37
Calculate the greatest common divisor of 5212412 and 1591.
37
What is the highest common divisor of 528 and 4397052?
132
What is the highest common divisor of 9615749 and 14157?
1573
Calculate the highest common divisor of 127385217 and 1701.
243
Calculate the greatest common factor of 747 and 7267231.
83
Calculate the greatest common divisor of 40443 and 286416.
663
Calculate the highest common divisor of 2328 and 419880.
24
Calculate the greatest common divisor of 20846628 and 288.
36
What is the highest common factor of 3236323 and 75?
1
What is the greatest common factor of 622 and 2935299793?
311
Calculate the greatest common factor of 144 and 5116284.
36
What is the greatest common factor of 32521968 and 91596?
5388
Calculate the highest common factor of 205992907 and 201.
67
What is the greatest common divisor of 4007547 and 81?
9
What is the greatest common factor of 990 and 29279547?
99
What is the greatest common factor of 19457135 and 1005?
335
Calculate the highest common divisor of 392563 and 145171.
859
What is the greatest common factor of 41193 and 14948482?
4577
What is the highest common divisor of 2514 and 27064467?
1257
Calculate the greatest common divisor of 48055986 and 326.
326
What is the highest common factor of 9935648 and 64?
32
Calculate the greatest common factor of 1136 and 26640691.
71
Calculate the greatest common factor of 50065833 and 51.
51
Calculate the highest common factor of 1762997 and 522.
29
What is the greatest common factor of 5871 and 25382290?
19